 -t + 2*w = 15. Let k(r) = 1 + 134*r - r**3 + 137*r - 8*r**2 - 277*r. Give k(t).
-6
Let x(f) = -2*f + 11. Let u(z) = z - 3. Let b(t) = 21*u(t) + 6*x(t). Let l(h) = 3*h + 1. Let c be l(-1). Determine b(c).
-15
Let u(a) be the first derivative of 3*a**2 - 2*a + 11. Let f be u(1). Let o(z) = -z**2 + 5*z + 2. Calculate o(f).
6
Let z(i) = -i**3 - 14*i**2 - 15*i + 4. Suppose 19*x = 10*x - 117. Determine z(x).
30
Let i be (-1)/(-2 + 1)*140/(-28). Suppose 3*n - 30 = n. Let t(z) = 3*z - 21 + 34 - n. Give t(i).
-17
Suppose -r = 44 - 50. Let z(i) be the third derivative of i**4/8 - 3*i**3/2 + 9*i**2. Calculate z(r).
9
Let n(y) = -y**2 + y + 1. Let z(r) = -4*r**2 + 10*r + 12. Let a(q) = -3*n(q) + z(q). Determine a(4).
21
Suppose 0 = -68*g + 204 - 680. Let m(s) = s - s - s - 7 + 2. Determine m(g).
2
Suppose 5*p + 5 = -10. Let l be (-6)/18 + (-25)/p. Let t(w) = -3*w - 3*w + 3 + l*w. Give t(-2).
-1
Let x(k) = k**2 + 2*k + 15. Let l(u) = 2*u - 1. Let n(r) = 4*l(r) + x(r). Calculate n(-9).
2
Let k be (-2 + (-2 - -6))/(2/(-3)). Let c(m) = -m**2 - 2*m - 4. Let t(j) = -2 - j + 1 - 4*j - 7 - 3*j**2. Let n(l) = -5*c(l) + 2*t(l). Determine n(k).
-5
Let k(p) be the second derivative of -p**4/4 + p**3/6 + 2*p**2 + 493*p. What is k(3)?
-20
Let g(f) = -f. Let b(o) = 14*o + 5. Let y(q) = b(q) + 6*g(q). Determine y(-2).
-11
Let s(i) = -i**2 + 12*i + 3. Suppose 71*g - 88 = 63*g. Give s(g).
14
Let t(d) = -d**3 + d**2 - d + 6. Let j be t(0). Suppose j*s - 10 = 4*s. Let v(z) = -15*z + 12. Let q(c) = 7*c - 6. Let i(n) = 13*q(n) + 6*v(n). Give i(s).
-1
Let d be (-360)/10*(-18)/8. Let s(k) = 82*k - 5 + k**2 - d*k + 0*k**2. Suppose -4*w - f = -2*w, 3*w - 5*f = 0. What is s(w)?
-5
Let v(c) = 0*c - 373 - c + 373. Let b(k) = -4*k - 4*k + 5*k - 5. Let p(z) = -b(z) + 2*v(z). Give p(-5).
0
Let c(f) = -3*f**2 + 2*f + 43. Let o(z) = z**2 - z. Let r(y) = c(y) + 5*o(y). Let w(u) be the first derivative of r(u). What is w(3)?
9
Suppose -2*q + 5*y = 4, 4*q - 5*y + 6 = -2. Let d(o) = -o**3 + o**2 + 7*o + 5. Give d(q).
3
Let j(i) = 6*i**2 - 5 + 30 - 18 - 14 - 4*i - i**3. Calculate j(6).
-31
Let i(y) = -y**3 + 5*y**2 + 7*y + 3. Suppose 55 = 5*s - 15. Suppose -5*l + 34 = -0*l - 4*m, -3*l - 4*m + s = 0. Determine i(l).
9
Let k(l) = l**3 - 10*l**2 + 22*l + 6. Let q(u) = -5*u**3 + 50*u**2 - 113*u - 29. Let n(b) = -11*k(b) - 2*q(b). What is n(8)?
-8
Let d(f) = 8*f**3 - f**2 - f + 1. Suppose 0 = 2*z + 68 + 180. Let c be z/(-8) + 2/4. Let h = c + -15. What is d(h)?
7
Let w be (-174)/14 + 3/7. Let s = 14 + w. Let o(q) be the second derivative of q**4/4 - q**3/2 - 51*q. Give o(s).
6
Let z(o) be the first derivative of o**4/4 - o**3/3 - o**2/2 + 11*o + 13. Let a = 106 - 106. Determine z(a).
11
Let i(s) = s - 4*s + s. Suppose -4*n - 210 = n. Let b be 1*-7*n/(-49). What is i(b)?
12
Suppose -6*s - 19*s = 150. Let m(v) = v - 3. Calculate m(s).
-9
Let k be 50/18 - (-4)/18. Let p = 35 - 25. Let m(o) = -o**k - 2*o - 4*o - 5*o**2 - 11 + p. Give m(-4).
7
Let a(y) = -y**2 + 5*y - 2. Let s(u) = 6*u**2 - 1. Let r be s(1). Suppose -r*c + 4 = -3*c. Calculate a(c).
4
Let b be 53/(-159) + (-8)/(-6). Let l(p) = -21*p. Determine l(b).
-21
Let a(h) = h**2 - 4*h + 1. Let l be a(3). Let g = 1 - l. Let n(f) = -2*f**3 + 4*f**3 - 3*f - f**3 - g. Determine n(-2).
-5
Let i(s) = -s**3 - 6*s**2 - 7*s + 2. Let a(n) = -n**2 - 21*n - 29. Let d be a(-17). Let c = d + -44. Determine i(c).
12
Let r(y) = y**2 - 7*y + 7. Let m(b) = b - 9. Let g be m(12). Suppose -3*t - f = -7 - 9, t + g*f = 0. Let o be r(t). Let l(j) = -4*j + 1. Give l(o).
-3
Let b be 20/6*(-54)/(-30). Let l(g) = -8*g**2 + 4*g - 2. Let f(m) = -17*m**2 + 8*m - 4. Let p(t) = b*f(t) - 13*l(t). Give p(3).
8
Let f be 3/1*9/81*75. Let l be 50/40 - f/4. Let k(x) be the second derivative of -x**5/20 - 5*x**4/12 - x**3/6 - x**2/2 + x. Determine k(l).
4
Let d(p) = -10 + 5 + 2*p - 5 + 3 + 0*p. Suppose 4*v - 19 = -g, 6 = 3*g - 2*v - 9. Calculate d(g).
7
Let o(l) be the first derivative of l**2/2 - 2*l - 1. Let w be (9 - 8/8) + -14. Give o(w).
-8
Let i(n) = -2*n + 4 - 3*n**3 + 2*n**3 - 6*n**2 + 0*n**3 + n**2. Calculate i(-4).
-4
Let m(y) = y**3 + 6*y**2 - 3*y - 8. Let w = -41 - -50. Suppose -4*q + 6 = -l, 0 = 3*l - 2*q - w + 27. Give m(l).
10
Let m(i) = -i**2 + 10*i - 2. Suppose -4*x + j = -7*x - 9, -10 = 2*x + 2*j. Let h(y) = 2*y**2 - 21*y + 5. Let a(g) = x*h(g) - 5*m(g). What is a(7)?
-7
Let l(p) = p**2 - 12*p + 14. Let o be l(11). Let j(n) = n**3 - 4*n**2 - 2*n. Calculate j(o).
-15
Let y(h) = 5*h**2 - 10*h + 9. Let s(g) = 11*g**2 - 19*g + 19. Let z(w) = -6*s(w) + 13*y(w). Let d be z(-16). Let o(a) = -5*a + d + 11*a - 7*a. What is o(-5)?
8
Let p(u) = -3*u - 19. Let c(f) = f + 7. Suppose -4*j = 5*k + 28, -7 = 3*k - 2*j + 1. Let t(l) = k*p(l) - 11*c(l). Determine t(8).
7
Let n(g) = 32*g - g**2 + 2 + 22*g - 48*g. Calculate n(4).
10
Suppose -9 = 5*v + 21. Let s(y) = -7*y - 64 + 39 - y**3 + 26 - 10*y**2 + 3*y**2. Calculate s(v).
7
Suppose 0 = -0*l - 6*l - 12. Let r be (0 + (-10)/4)/(l/(-4)). Let n(o) = -3*o - 2. Determine n(r).
13
Let g(w) = -223*w + 6 + 1 + 220*w. What is g(-6)?
25
Let o(n) = n - 10. Let m be o(14). Let q(u) be the first derivative of -u**4/4 + 4*u**3/3 + u**2/2 - 2*u - 12. What is q(m)?
2
Let b(a) = -6*a - 3. Let m be (-20)/(-9) - 30/135. Suppose 0*o = -4*o - m*d, 4*o + 12 = d. What is b(o)?
9
Let v(g) = 2*g**3 - g**2 + 2*g - 1. Let p be v(1). Suppose -2*f = 3*i - 10, -i - p*f + 3*f = 5. Let b(a) = -a + 14. What is b(i)?
14
Let b(p) = -p**3 - 56*p**2 + 55*p - 115. Let y be b(-57). Let x(f) be the first derivative of 2*f**3 + f + 1. Give x(y).
7
Let n(k) = 5*k + 71. Let m be n(-11). Let y = 10 + -6. Suppose m = -y*l + 4*d, 4*l - 5*d + 15 = -4. Let o(a) = -a**3 - a - 1. Give o(l).
1
Let a(r) be the first derivative of r**4/4 + 4*r**3/3 - 3*r**2 + 3*r + 210. Determine a(-5).
8
Let x(o) = -o**2 + 11*o - 8. Let k(b) = 2*b**2 - 8. Let r be k(-3). What is x(r)?
2
Let w(c) = -c**2 + 10 + 7*c - 26*c + 13*c. Let q = -33 - -25. Give w(q).
-6
Let q be 6/(-24)*-4 - -6. Let p(b) = 3*b - 14. Determine p(q).
7
Let k(i) = 4*i - 38. Let g be k(12). Let a(o) = 27 - g - 10 - o. Calculate a(-5).
12
Let m(a) = a**2 - 5*a + 4. Let r(l) = 4*l + 17. Let p(v) = -v. Suppose -5*i + 2*i + 3 = 0. Let z(u) = i*r(u) + 3*p(u). Let y be z(-12). What is m(y)?
4
Let h(c) = 7*c - 4. Let g(s) = 10*s - 6. Let d(o) = 5*g(o) - 7*h(o). What is d(0)?
-2
Let y(b) be the first derivative of b**6/120 - b**5/12 - b**4/8 + 7*b**3/6 - b**2 + 15. Let a(x) be the second derivative of y(x). What is a(5)?
-8
Let t(b) = 2*b**2 - 4*b - 1. Let g be 11/22 - 2/4. Let m be 2/2 - g - -4. Suppose m*l = 4 + 11. What is t(l)?
5
Let m(t) = -2*t - 13 + t - t + 3*t. Let q(f) = -f**3 - 5*f**2 + 6*f - 2. Let g be q(-6). Let k(a) = 2*a**2 + a. Let x be k(g). Determine m(x).
-7
Let d(y) = -y + 2. Suppose 0*h - 3*h - 5*c = -15, 43 = 4*h - c. Suppose -7*z = -h*z + 9. Suppose -6 = -z*w, 3*w - 16 = -0*s - 2*s. Give d(s).
-3
Suppose -5*y + 5*p - 30 = 0, y - 14 = 4*p - 7*p. Let l(j) = j**2 - j - 1. Let h(n) = 5*n**2 + 2. Let c(u) = y*h(u) + 6*l(u). Determine c(6).
-8
Suppose 36 = 43*a - 7. Let c(n) = 3*n - 4 + 3 - n**2 - 21*n**3 - 2*n. Give c(a).
-22
Let q(z) = 10 + 2 - 4 + 2*z - 1. Determine q(-5).
-3
Let g(p) = 13*p**2 - 7*p - 20. Let m(z) = -11*z**2 + 6*z + 17. Let r(f) = -5*g(f) - 6*m(f). Determine r(-5).
28
Let u(j) be the first derivative of -j**4/4 + 14*j**3/3 + 13*j**2/2 - 12*j + 300. Give u(15).
-42
Let l(n) = n**3 - 2*n**2 - n - 3. Let t(f) = -15*f. Let u be t(-2). Let v be 105/u - (-1)/(-2). Determine l(v).
3
Let v = -7 - -4. Let f = 42 + -43. Let m(x) = -x**2 - x - 1. Let n(w) = 4*w**2 + 10*w + 7. Let o(h) = f*n(h) + v*m(h). Calculate o(-6).
2
Suppose 4*v + 30 = -54. Let p be 498/(-14) - v/(-49). Let y = -33 - p. Let h(q) = 3*q. Calculate h(y).
9
Let a(o) be the second derivative of 1/6*o**4 + 1/20*o**5 + 0 + 1/2*o**3 + 3/2*o**2 + 2*o. Determine a(-2).
-3
Suppose -2*w + 0*w - 4*v = -16, -4*v = w. Let j(z) = z**2 - 4*z + 1. Let g be j(4). Suppose 5*b = g - w. Let p(f) = -f**2 - f. Determine p(b).
-6
Let l = 1153 - 1147. Let b(z) = z + 1. Let v(j) = j + 3. Let p(c) = -2*b(c) + v(c). Give p(l).
-5
Let t(b) = b - b + 2 - 5 - 2*b. Suppose -d + 8 = 3*g + 27, 5*d - 1 = g. Determine t(g).
9
Let z be (3*(-5)/15)/((-1)/(-5)). Let u(k) = 